7920?
0
What is the units digit of 89302?
2
What is the units digit of 400175?
5
What is the ten thousands digit of 55858?
5
What is the millions digit of 1044960?
1
What is the ten thousands digit of 540762?
4
What is the hundred thousands digit of 108101?
1
What is the hundreds digit of 27592043?
0
What is the thousands digit of 237512?
7
What is the hundred thousands digit of 231626?
2
What is the ten thousands digit of 1205289?
0
What is the tens digit of 2281361?
6
What is the hundreds digit of 21366?
3
What is the thousands digit of 5351972?
1
What is the units digit of 546154?
4
What is the ten thousands digit of 1170009?
7
What is the hundred thousands digit of 2264256?
2
What is the ten thousands digit of 128079?
2
What is the tens digit of 193975?
7
What is the hundreds digit of 140576?
5
What is the thousands digit of 10511077?
1
What is the hundred thousands digit of 2856191?
8
What is the thousands digit of 522450?
2
What is the thousands digit of 767903?
7
What is the millions digit of 31118935?
1
What is the millions digit of 29316811?
9
What is the units digit of 4907808?
8
What is the millions digit of 5956409?
5
What is the hundred thousands digit of 246963?
2
What is the tens digit of 82135?
3
What is the millions digit of 1351219?
1
What is the hundred thousands digit of 387252?
3
What is the units digit of 589934?
4
What is the tens digit of 5707403?
0
What is the units digit of 2671922?
2
What is the units digit of 709553?
3
What is the hundreds digit of 347462?
4
What is the units digit of 617459?
9
What is the hundreds digit of 1083291?
2
What is the thousands digit of 38670?
8
What is the tens digit of 235752?
5
What is the ten thousands digit of 7283865?
8
What is the thousands digit of 372256?
2
What is the tens digit of 2176593?
9
What is the hundreds digit of 4537775?
7
What is the units digit of 142385?
5
What is the hundred thousands digit of 722229?
7
What is the units digit of 12417?
7
What is the ten thousands digit of 8062510?
6
What is the ten thousands digit of 3470264?
7
What is the ten thousands digit of 2157108?
5
What is the units digit of 707028?
8
What is the thousands digit of 370226?
0
What is the hundreds digit of 945403?
4
What is the hundred thousands digit of 374800?
3
What is the tens digit of 2221092?
9
What is the tens digit of 21620?
2
What is the hundreds digit of 1562672?
6
What is the thousands digit of 5758948?
8
What is the units digit of 283576?
6
What is the ten thousands digit of 160964?
6
What is the hundreds digit of 17636330?
3
What is the hundreds digit of 8545812?
8
What is the ten thousands digit of 8379074?
7
What is the units digit of 455609?
9
What is the ten thousands digit of 66711?
6
What is the units digit of 10402719?
9
What is the hundred thousands digit of 5522936?
5
What is the ten thousands digit of 1272895?
7
What is the units digit of 233568?
8
What is the tens digit of 3275726?
2
What is the hundreds digit of 22536848?
8
What is the thousands digit of 818401?
8
What is the hundreds digit of 4103335?
3
What is the tens digit of 742392?
9
What is the hundreds digit of 10603078?
0
What is the tens digit of 2163174?
7
What is the thousands digit of 275960?
5
What is the millions digit of 1638332?
1
What is the hundred thousands digit of 693322?
6
What is the units digit of 82224?
4
What is the hundred thousands digit of 4405618?
4
What is the thousands digit of 2351310?
1
What is the millions digit of 4534860?
4
What is the hundred thousands digit of 1251345?
2
What is the hundreds digit of 200465?
4
What is the tens digit of 49702?
0
What is the hundred thousands digit of 667770?
6
What is the thousands digit of 616210?
6
What is the tens digit of 93944?
4
What is the tens digit of 122739?
3
What is the ten thousands digit of 121194?
2
What is the tens digit of 1224858?
5
What is the ten thousands digit of 11519198?
1
What is the units digit of 9581361?
1
What is the hundreds digit of 322633?
6
What is the hundred thousands digit of 851923?
8
What is the ten thousands digit of 9121070?
2
What is the ten thousands digit of 239833?
3
What is the tens digit of 210453?
5
What is the ten thousands digit of 226669?
2
What is the units digit of 4511518?
8
What is the hundreds digit of 984046?
0
What is the thousands digit of 128801?
8
What is the hundred thousands digit of 376609?
3
What is the hundreds digit of 289005?
0
What is the hundreds digit of 252865?
8
What is the units digit of 10567101?
1
What is the hundred thousands digit of 1396898?
3
What is the hundred thousands digit of 147907?
1
What is the tens digit of 749782?
8
What is the tens digit of 9797138?
3
What is the ten thousands digit of 58124?
5
What is the hundred thousands digit of 3887683?
8
What is the hundred thousands digit of 169867?
1
What is the hundreds digit of 486033?
0
What is the units digit of 15547856?
6
What is the units digit of 220048?
8
What is the hundred thousands digit of 6690319?
6
What is the thousands digit of 4918074?
8
What is the hundreds digit of 11070633?
6
What is the millions digit of 23028258?
3
What is the tens digit of 13665843?
4
What is the ten thousands digit of 248163?
4
What is the units digit of 4252922?
2
What is the hundred thousands digit of 1697178?
6
What is the ten millions digit of 15516932?
1
What is the units digit of 931794?
4
What is the units digit of 21676034?
4
What is the tens digit of 157679?
7
What is the units digit of 307?
7
What is the tens digit of 417883?
8
What is the hundreds digit of 448092?
0
What is the hundreds digit of 188151?
1
What is the ten thousands digit of 614026?
1
What is the thousands digit of 391328?
1
What is the ten thousands digit of 1140816?
4
What is the units digit of 439467?
7
What is the tens digit of 2999394?
9
What is the millions digit of 1602746?
1
What is the thousands digit of 430999?
0
What is the units digit of 3214772?
2
What is the units digit of 18201033?
3
What is the millions digit of 4938121?
4
What is the hundred thousands digit of 289726?
2
What is the thousands digit of 1274007?
4
What is the tens digit of 1876495?
9
What is the units digit of 255990?
0
What is the ten thousands digit of 1194108?
9
What is the units digit of 404444?
4
What is the hundreds digit of 659410?
4
What is the thousands digit of 12886?
2
What is the thousands digit of 243530?
3
What is the ten thousands digit of 10272065?
7
What is the thousands digit of 4482672?
2
What is the ten thousands digit of 24912?
2
What is the units digit of 17978263?
3
What is the tens digit of 876462?
6
What is the thousands digit of 1199548?
9
What is the hundreds digit of 1217147?
1
What is the ten thousands digit of 221354?
2
What is the thousands digit of 167365?
7
What is the hundred thousands digit of 874773?
8
What is the tens digit of 15139810?
1
What is the ten thousands digit of 51257?
5
What is the hundreds digit of 13245765?
7
What is the hundred thousands digit of 455969?
4
What is the ten thousands digit of 601824?
0
What is the units digit of 7310734?
4
What is the thousands digit of 271179?
1
What is the tens digit of 4564658?
5
What is the millions digit of 9834072?
9
What is the ten thousands digit of 17548200?
4
What is the ten thousands digit of 32333663?
3
What is the millions digit of 1180047?
1
What is the thousands digit of 354427?
4
What is the thousands digit of 309071?
9
What is the units digit of 4116909?
9
What is the tens digit of 41406?
0
What is the hundred thousands digit of 3606645?
6
What is the tens digit of 94311?
1
What is the ten thousands digit of 15795571?
9
What is the thousands digit of 6612705?
2
What is the thousands digit of 36716771?
6
What is the tens digit of 29776?
7
What is the thousands digit of 8600437?
0
What is the hundred thousands digit of 267181?
2
What is the hundred thousands digit of 867548?
8
What is the thousands digit of 2112528?
2
What is the hundreds digit of 396835?
8
What is the tens digit of 799194?
9
What is the ten thousands digit of 618829?
1
What is the units digit of 842532?
2
What is the ten thousands digit of 173390?
7
What is the thousands digit of 92190?
2
What is the ten thousands digit of 26325?
2
What is the hundreds digit of 436597?
5
What is the tens digit of 29